the first derivative of 3*q**2/2 + q - 1. Give m(l).
-8
Let h be (6/2)/(-3*2/(-6)). Let v(o) be the first derivative of -44 + 4*o - 7/2*o**2 - 2*o**h + 1/4*o**4. Give v(7).
4
Let y be -1*(524/(-4) - 5). Let c = -137 + y. Let a(x) = -7*x**2 - 4*x - 3. Determine a(c).
-6
Suppose 108 = -17*u + 29*u. Let k = 9 - u. Let a(h) = h + 6. What is a(k)?
6
Let g(d) = 6 - 3 + 8*d - 2 + d**2. Suppose -5*z - 94 = -3*q - 19, -z + 25 = q. Suppose 0 = -i - 2*i - 4*u - q, 0 = 4*u + 4. Calculate g(i).
-6
Let w = -4081 - -4060. Let a(s) = -s**3 - 24*s**2 - 61*s + 46. Give a(w).
4
Let h(u) = -4*u**3 + 6*u**2 - 22. Let i be h(6). Let c = 669 + i. Let y(g) = -2*g**3 + g**2 - g - 1. Calculate y(c).
3
Let o(a) = -3*a - 4. Let y be ((-12)/9)/(16/(-72)). Suppose 4*u - y = -18. Let n be o(u). Let j(s) = 2*s - 7. What is j(n)?
3
Let x(j) be the first derivative of j**3 - 2*j**2 + 3*j + 5946. Calculate x(2).
7
Let l(b) = -9*b**3 - b**2 + b. Let f(m) = -18*m**2 - 8*m + 30. Let n be f(-5). Let y = -379 - n. Determine l(y).
-9
Let k(i) = 0*i**2 - 26*i + 17 + 2*i**2 + 24 - 8 - 9. Calculate k(12).
0
Let j(v) = -v**3 + 2*v**2 - 7*v + 10. Suppose 5*y - 7 = -q + 2, -3*y + 11 = -5*q. Determine j(y).
-4
Let s(u) = -u**3 + 17*u**2 - 30*u - 1. Let d be s(15). Let m(w) = -9*w**2 + 27*w + 26. Give m(d).
-10
Suppose -110 = -16*u + 18. Let k(v) be the third derivative of v**5/60 - 5*v**4/12 - v**3/2 + 2*v**2 - 4. What is k(u)?
-19
Suppose 0 = -16*h + 13*h - 9. Let m(j) = 7*j - 4*j + 2 + 199*j**2 - 197*j**2 + 2*j. Determine m(h).
5
Let u be 5 - (143/(-11) + 17). Let r(l) = l**3 - 2*l**2 + 3*l - 1. Determine r(u).
1
Let i be 5*(4 - 9 - -4)/1. Let f(m) = -m**3 - m**2 + 8*m + 4. Calculate f(i).
64
Let v(p) = -5*p - 4. Suppose 0 = -7*r + 6*r + 108. Let k be (6 + r/(-16))/(2/8). What is v(k)?
11
Let r(q) = -22 + 136*q**2 + 16*q - 69*q**2 - 66*q**2 - q. Determine r(-14).
-36
Let n = -4 + 6. Let k(j) = -585*j**3 - 2 - 656*j**3 + 1244*j**3 + 3*j - 6*j**2. Give k(n).
4
Suppose 12 = -0*v + v + 3*x, 0 = -4*v - 4*x + 40. Let w(m) be the second derivative of -1/6*m**3 + 5*m**2 + m + 0. Give w(v).
1
Let i = -171 + 186. Let j(p) = -35 + 18 + i - 4*p. What is j(-1)?
2
Let w(d) = d**3 + 5*d**2 + 3*d. Suppose 2*h + 846 - 368 = 0. Let f = h + 235. Determine w(f).
4
Let d(l) = 2 + 6*l - l - 4*l. Suppose -39*f + 216 = -21*f. Let k(m) = m - 6. Let j be k(f). Determine d(j).
8
Let r(c) be the third derivative of -c**4/3 - c**3/2 - 16*c**2. Let k be r(-1). Let z(y) = k*y + 213 - 103 - 104. Determine z(-4).
-14
Let i(c) = -5*c**2 + 13*c - 3. Let y(b) = 7*b**2 - 14*b + 4. Let v(f) = 3*i(f) + 2*y(f). Determine v(11).
-1
Let t(u) be the second derivative of 4*u**3 + 302*u**2 + 6611*u. Calculate t(-25).
4
Let h(c) = 8*c**2 - 2*c - 1. Let y(t) = t. Suppose 3*k - 5*x - 188 = -0*x, 185 = 3*k - 2*x. Suppose 57*j - 4 = k*j. Let z be y(j). Calculate h(z).
9
Suppose 0 = -7*m + 3*m - 116. Let g = 31 + m. Let t(j) = 3 + 7 + 4*j - 3*j**g + j**2 - 11. Determine t(3).
-7
Let k = -12 - -3. Suppose 0 = -4*g + 3*h + 59, -5*g + h + 76 = -2*h. Let o(r) = -7 + 2*r + g - r. What is o(k)?
1
Let f(c) = -c**2 - 60*c - 64*c - 71*c - 4 + 204*c. Give f(11).
-26
Let c = 2 - 2. Let y(h) = -187*h - 47. Let x(s) = -262*s - 71. Let d(t) = -5*x(t) + 7*y(t). Determine d(c).
26
Let m be (-2)/6*27*(-6 + 5). Let g(j) = -6*j - 5*j**2 + 3*j**2 - 1 + 13*j - m*j. Determine g(-2).
-5
Let d(t) = t + 41. Let r(m) = -31. Let v(f) = -2*d(f) - 3*r(f). Suppose -4*w + 48 = 4*s, 0 = -5*s + s + 3*w + 27. What is v(s)?
-7
Let b(g) = -3*g**2 + 29*g - 16. Let i(c) = 4*c**2 - 39*c + 23. Let z(s) = 11*b(s) + 8*i(s). Give z(0).
8
Let g(n) be the second derivative of -53*n + 0*n**2 + 11/6*n**3 + 0. Determine g(1).
11
Let t(p) be the first derivative of 4*p**3/3 + 4*p**2 - 8*p - 144. Calculate t(1).
4
Let j be ((-36)/21)/(6/21). Let d be ((-10)/(-6))/(j/(-36)). Let f(s) = -s**3 - 9*s + 1 - 2*s**2 - 4*s**2 + d*s - 6. What is f(-6)?
-11
Let i(u) be the first derivative of -u**5/60 + 7*u**4/24 - 2*u**3/3 + 19*u**2 - 1. Let k(s) be the second derivative of i(s). Give k(6).
2
Suppose -4*w - 20*z = -21*z - 34, 3*w - 16 = -4*z. Let m(d) = -d + 6 - 8 - 5 + 3*d. Give m(w).
9
Let s(t) = -168*t + 1 + 341*t - 11*t**2 - 183*t. Determine s(-2).
-23
Let u(d) be the second derivative of d**3/3 + 7*d**2/2 - 2*d. Let y = 12804 - 12799. Calculate u(y).
17
Let y(a) = a**2 - 14*a + 51. Let n be y(7). Let x(p) = -60*p**2 + 13*p + 0 - 6 + 33*p**n + 26*p**2. Calculate x(11).
16
Let l = -12158 + 12153. Let b(j) = -j**3 - 4*j**2 + 15*j + 38. What is b(l)?
-12
Let p(b) be the second derivative of 2*b**3/3 - 2*b**2 + 3*b. Let m(x) = 2*x**3 + 16*x**2 - 3*x - 21. Let l be m(-8). Determine p(l).
8
Let q(v) = -v**3 + v**2 - 5*v + 15. Let o be q(2). Let i be (-1*o)/2*(-5 + -7). Let j(n) = n - 12. Give j(i).
-6
Suppose -836*j = -839*j - 12. Let u(f) be the second derivative of f**5/20 + f**4/3 - f**3/3 - 3*f**2 - 53*f. Give u(j).
2
Let j(c) = 3*c + 3. Let l be 1*-4 - (72/(-8) + 2). Let v = -6 - -22. Suppose 5*s = -0*s + l*o - v, 4*s - 2*o = -12. What is j(s)?
-3
Let n(x) be the second derivative of x**4/6 - 3*x**3/2 - 9*x**2/2 - x - 235. What is n(6)?
9
Suppose 0 = -4*u + 4*a + 128, -2*a - 108 = -3*u - 17. Let n be (-6)/u - 136/36. Let r(f) = -f - 1. Give r(n).
3
Let y(v) = -v**2 - 8*v - 12. Let i(u) = 2*u**3 - u**2 - u - 1. Let t(b) = 3*b**3 + 16*b**2 - 3*b + 25. Let c(p) = 2*i(p) - t(p). Let d be c(18). Determine y(d).
-21
Let a(n) = -69*n - 13. Let u(j) = -94*j - 12. Let f(o) = -6*a(o) + 4*u(o). Give f(-1).
-8
Let d be 1*4 - (-8 + 10). Let m(n) = -d + 3*n + 0 - 2*n + 0*n. Suppose 3*u + 4*h = -0*h - 5, 0 = u + 2*h + 3. Give m(u).
-1
Let o(v) = v**3 + 16*v**2 - v - 23. Let n = 350 + -346. Suppose -3*z - 4*m = 26 + 26, 4*z + 68 = -n*m. What is o(z)?
-7
Let x(t) = 43*t**3 + 4 - 42*t**3 + 3 + 4*t - t - 5*t**2 - 7*t. Suppose -v = -9 + 2. Suppose -q = -v + 2. Give x(q).
-13
Let a(m) = 0*m - 4110298 + 4110322 - m. What is a(10)?
14
Let l(g) = g**3 - 14*g**2 + 2*g - 13. Let r be l(14). Suppose 0 = 90*m - 75*m + r. Let a(v) = -9*v - 2. Determine a(m).
7
Suppose -3 = 27*h - 26*h. Let q(j) = 3*j**2 - 38*j - 11. Let n be q(13). Let l(x) = 5*x - 2*x + x**3 + x + 0*x - 1 + 5*x**n. Calculate l(h).
5
Let a be 96/46 + (-9)/((-207)/(-2)). Let z(y) = 16*y**2 - 30*y**2 - 12*y + 3*y**a - y**3 - y**2 - 18 + 0*y**3. Give z(-11).
-7
Let u(a) = -a**2 + 4*a + 11. Suppose 5*d - 1 = -p, -188*d + 184*d = 4*p - 4. Give u(d).
11
Let n(p) = p**2 + 7*p - 2. Let q be n(-6). Suppose -4*c + 7 = 5*v, c - 4*v - 1 = -6*v. Let i(r) = -4*r + c*r - 7 - 3. Give i(q).
-2
Let v(u) = 6*u + 25*u**2 + 19*u**2 - 3 + 20*u**2 - 91*u**2 + 26*u**2. Calculate v(9).
-30
Suppose 0 = -5*s + w + 13, s = -3*w + 5*w + 8. Let v(n) = 7156*n - 6 - n**s + 1 - 7149*n. What is v(6)?
1
Let o(r) = 3*r**3 - 3*r**2 - 9*r - 2. Suppose -8*j = 10*j - 339 + 267. Determine o(j).
106
Let a(y) = -y**2 + y - 1. Let d be a(0). Let u(t) be the first derivative of -6*t**3 - 1/2*t**2 + 325 - t. Give u(d).
-18
Let w(d) = -11*d**2 + 35*d + 7. Let f(m) = -10*m**2 + 30*m + 7. Let o(t) = 9*f(t) - 8*w(t). What is o(-6)?
-5
Let u(b) = 29*b + 34. Suppose -3*z - 2*i = 51, 5*z - 2*i + 85 = -0*i. Let n(s) = 10*s + 12. Let h(y) = z*n(y) + 6*u(y). Calculate h(-2).
-8
Let j(o) = o**2 - o + 1. Let c(f) be the second derivative of -13*f**4/12 + f**3/2 - 2*f**2 + 70*f. Let d(h) = -c(h) - 4*j(h). Let a = -3 + 4. Determine d(a).
10
Let m(a) be the first derivative of -a**4/4 - 5*a**3/3 - 13*a**2/2 - 21*a - 874. Calculate m(-4).
15
Let v(x) = -3*x + 5. Let d(l) = -l + 3. Suppose -2*g + 2 = -4*z - 3*g, 5*g = -3*z + 7. Let p(c) = z*v(c) + 2*d(c). Give p(-6).
-5
Let b(v) = -11*v + 4 + 2*v + 0*v**2 - 2 + v**2. Let o be (5 + -3)/((-1)/(-3)). What is b(o)?
-16
Let f = 14180 + -14186. Let n(s) = 42*s + 242. Give n(f).
-10
Suppose 148 + 372 = 5*r. Suppose 78 = r*m - 91*m. Let d(t) = t - 20. Give d(m).
-14
Let x = 190 - 199. Let a(i) = 5*i - 10. Let z(t) = 22*t - 40. Let d(p) = x*a(p) + 2*z(p). Let h be 29/4 + 1/(-4). Give d(h).
3
Let a(n) be the third derivative of n**6/60 + 17*n**5/60 - 11*n**4/24 + 24*n**2 + 47*n. Calculate a(-9).
18
Let k be (-9 - (-39)/6)*(-8)/(-10). Let y(a) = 8*a + 16. Calculate y(k).
0
Suppose 0 = 2*t + 2, -2*d + 4 + 5 = -3*t. Let a(p) be the first derivative of -6*p - d*p**2 + 1/3*p**